 - 7*r**2 - 9*r - 9. Let x be (75/(-8))/((-9)/12)*-4. Let h = 59 + x. Suppose 36 = h*l - 15*l. What is p(l)?
9
Suppose 5*m = 5 + 10. Let w be m/(-9)*-10 + (-8)/(-12). Let f(q) = 5 - 3 - 11 + w*q - q. Calculate f(7).
12
Let z(s) = -19*s**2 - 70*s + 1. Let m(q) = -102*q**2 - 350*q. Let d(p) = 3*m(p) - 16*z(p). Give d(35).
-16
Let n(v) = -8*v - 6 - 6 + 21 + 29. Let q be n(4). Let o(p) = 2*p - 2 + 8*p**2 + 1 - 10*p - p**3. What is o(q)?
23
Let p(g) = g**3 + 8*g**2 - 13*g + 7. Let h be 41/(-3) - (-13)/(-39) - -4. Give p(h).
-63
Let p(f) = -36 + 61*f**3 + 60*f**3 - 2*f - 175*f**3 - 13*f**2 + 53*f**3 - f. What is p(-13)?
3
Let n(i) be the first derivative of 6*i**2 - 225*i - 2574. What is n(19)?
3
Let q(t) = 2*t**2 - 4 + 4 + 2. Let f(b) be the third derivative of -b**4/6 - 65*b**3/6 - 23*b**2. Let g be f(-17). Calculate q(g).
20
Let t(z) = 27 - 348*z + 176*z + 175*z. Suppose -2*h + 5*h - 3*j = -24, -h + 5*j = 8. Calculate t(h).
3
Let m(u) = u + 8. Let v be m(-13). Suppose 2*d = 15 + 9. Let g(n) = -5 + d + n - 4. What is g(v)?
-2
Let j(l) be the first derivative of 3*l**2 + 2*l + 51. Let w(i) = 4*i + 1. Let o(r) = -3*j(r) + 5*w(r). Give o(-5).
-11
Let s = 4 - -3. Let i(u) = -1140*u - 106. Let d(n) = -236*n - 21. Let q(p) = 29*d(p) - 6*i(p). Determine q(s).
-1
Let r(h) be the second derivative of h**5/20 - 11*h**4/12 + 11*h**3/2 - 3*h**2 + 6911*h. Determine r(6).
12
Let y(c) = -2*c**3 - 24*c**2 + 2*c + 11. Suppose -56*g = -58*g + 2, 5*x = -3*g - 57. Determine y(x).
-13
Let a be (-5 + 3)/(6/(-15)). Let m(c) = 5*c**2 + 4 - 78*c**3 + 7*c**3 - 6*c + 5*c**3 + 65*c**3. Determine m(a).
-26
Let p(r) = -8*r**2 - 8*r - 20. Let f(l) = 10*l**2 + 9*l + 24. Let v(x) = 3*f(x) + 4*p(x). Give v(-3).
-11
Let z(s) = -2*s + 114 - 115 + 6*s**3 + 170*s**2 - 19*s**3 - 170*s**2. Suppose 1 = l + 2. What is z(l)?
14
Suppose 13*b = -837 + 616. Let t(d) = d**2 + 17*d - 13. What is t(b)?
-13
Let w(i) be the second derivative of 8*i**3/3 - 199*i**2/2 + 9590*i. Calculate w(12).
-7
Let j(k) be the third derivative of k**4/4 + 11*k**3/3 + 2957*k**2. Determine j(-12).
-50
Let c = -429 - -686. Let k(g) = -c*g - 255*g + 11 + 4 + 515*g. Determine k(-7).
-6
Let m = -569 + 574. Let i(g) be the first derivative of 2*g**2 + 3*g - 24. Give i(m).
23
Let z(c) = 6 + 7 - 12 + c - 22*c**2. Give z(1).
-20
Let l(j) = -26*j**3 - 157*j**2 - 98*j - 41. Let q(u) = 5*u**3 + 32*u**2 + 20*u + 8. Let c(z) = 2*l(z) + 11*q(z). What is c(-12)?
6
Let t(c) = 2*c**3 + 6*c**2 - c + 2. Let h(a) = a**3 - 75*a**2 - 77*a + 71. Let m be h(76). What is t(m)?
-93
Let j = -4265 + 4266. Let b(i) = i**2 - 5*i + 5. What is b(j)?
1
Let n be (-42)/189 + (-2)/(-9). Let b(l) = 3*l - 9. Let r(s) = 4*s - 10. Let z(g) = -3*b(g) + 2*r(g). What is z(n)?
7
Suppose -11*x = -12*x + 4. Suppose 2*g - m = -5, x*m = -5*g - m - 50. Let t(k) be the second derivative of -k**3 + k**2/2 - 9*k. Calculate t(g).
31
Let j(l) be the second derivative of -l**5/60 - 5*l**4/12 - 5*l**3/2 - 131*l**2/2 + 5*l. Let z(h) be the first derivative of j(h). Determine z(-9).
-6
Let d(w) = 9*w + 0*w**2 - 6331*w**3 + 9*w**2 + 6330*w**3 + 6. Suppose -118 = 10*m - 218. What is d(m)?
-4
Let r(s) = -5*s - 35. Let a(t) = -8*t**2 + t - 1. Let j be a(1). Let i be r(j). Let n(b) = b**3 - 4*b**2 - 5*b - 2. Determine n(i).
-2
Suppose -5*w - c - 32 = -111, 0 = 3*w + 3*c - 45. Let p(l) = 14 - w + 23 + 3 - l. Calculate p(15).
9
Let x(b) = b**3 + b**2 - 1. Let r(p) = 3*p**2 - 4*p + 4. Let w be r(1). Let l be ((-2)/(-6))/((-4)/(-52))*w. Suppose -l*t - 14 = -6*t. What is x(t)?
-5
Let s(o) = o**2 + 8. Let v(f) = 2*f**2 - 79*f + 39. Let c be v(39). Calculate s(c).
8
Suppose 0*d + 30 = -d - 5*x, -d + x = 0. Let v(i) = i**2 + 13*i + 7. Let s be v(d). Let l = -37 - s. Let y(u) = -u**3 - 4*u**2 - 4*u - 2. Determine y(l).
14
Let x(a) = a**3 - 9*a**2 + 10*a - 5. Suppose 6 = w - 5*h - 1, -w + 2*h = -10. Suppose -8 = 4*c, -y - y - 2*c + w = 0. What is x(y)?
11
Let r(i) = 2*i**2 + 14*i + 37. Let s = -15369 + 15363. What is r(s)?
25
Let u be ((-8)/(-22))/((-40)/(-220)). Let s(x) = -x**3 - 2990*x - 8*x**2 + u*x**3 - 5 + 2997*x. Give s(7).
-5
Let j(t) = 156*t**3 + 287 + 2*t + 16*t**2 - 157*t**3 - 292. Give j(16).
27
Let s(u) be the third derivative of 2*u**4/3 - 119*u**3/6 - 7161*u**2. Determine s(7).
-7
Let w(z) be the second derivative of 0 - 5/12*z**4 + 0*z**2 + 65*z + 1/20*z**5 + 1/3*z**3. Give w(4).
-8
Let r(z) = 44*z - 20 - 5*z - 31*z - 6*z + 4. Give r(27).
38
Suppose -2*n + 11 = -0*x + 5*x, -2*x + 5 = n. Suppose -n*a = 2*a + 15. Let f be ((-27)/(-15) + a)/(2/(-10)). Let u(d) = -d**2 + 5*d + 3. What is u(f)?
-3
Let i be 9/90 - (-639)/10. Suppose i = 7*m + m. Let f(j) = 5 - j**3 + 8*j + 3*j**2 + 0*j**2 + 1 + 4*j**2. Determine f(m).
6
Let t(s) be the first derivative of s**3/6 - 2*s**2 - 26*s + 176. Let x(f) be the first derivative of t(f). Determine x(7).
3
Let u(z) = z**3 - 16*z**2 + z - 19. Suppose -3*s + 9*s - 192 = -96. What is u(s)?
-3
Let n(t) be the third derivative of -t**6/120 - 7*t**5/60 - t**4/24 + 7*t**3/6 + 2*t**2. Let f = 7444 + -7450. Give n(f).
-23
Suppose -2*m - 18 = -22. Suppose m*b = -n, b = -5*n - 2*b + 14. Let x(f) = f**2 - 7*f + 6*f - n + 0*f**2 + 3. Calculate x(-2).
5
Let p(j) be the second derivative of 0*j**2 + 13*j + 0 - 1/6*j**3. Calculate p(5).
-5
Let q(h) = 12*h - 5. Let f(y) = -5*y + 4. Let w(z) = 3*f(z) + 3*q(z). Calculate w(-1).
-24
Suppose -5*i - 23 = 2*k, -k + 2*i = -7 - 4. Let d(m) = 21*m**3 + 3*m**2 - 2*m. What is d(k)?
22
Let u be -4*(4112/192 + 4/(-6)). Let t = u - -88. Let d(g) = -2*g - 7. Calculate d(t).
-17
Let p = -875 - -877. Let g(x) = 7 + 1073*x**p + x**3 - 1083*x**2 - 4*x + 3*x. Calculate g(10).
-3
Let t(n) = 13*n - 5. Let p(u) = 101*u - 39. Let b(v) = 4*p(v) - 31*t(v). What is b(-11)?
-12
Let i(t) = -15*t**2 - t. Let h(p) = p**3 + 27*p**2 + 29*p - 71. Let c be h(-24). Suppose -c*b + 966*b - 5 = 0. Determine i(b).
-16
Let b(d) be the first derivative of -2*d**2 - 5 + 1/2*d**3 - 17*d + 1/12*d**4. Let t(j) be the first derivative of b(j). What is t(-3)?
-4
Let y(n) = -n**3 + 6*n**2 - 7*n - 1. Let d be y(4). Let c(t) = -17*t**2 + 2*t. Let j(u) = 9*u**2 - u. Let f(p) = d*c(p) + 5*j(p). Give f(1).
-5
Let b(o) be the second derivative of -o**4/6 + 7*o**3/3 - 11*o**2/2 + 5*o - 66. Give b(6).
1
Let w(y) = 4*y + 9. Let u(m) = 5*m + 9. Let t(f) = 5*u(f) - 6*w(f). Let p be (-21 + (-1295)/(-55))*(-1 - (-26)/4). Give t(p).
5
Let o(w) be the third derivative of w**6/120 + w**5/15 - w**4/12 + 3*w**3/2 - 34*w**2 - 46*w + 3. Give o(-5).
-6
Let c(s) = -s**3 - 12*s**2 - 12*s - 17. Let p(d) = -d**3 + 21*d**2 - 23*d + 49. Let h be p(20). Give c(h).
-6
Let r(p) = 3*p**2 + 3449*p - 4*p**2 + 8 + 13 - 3436*p. Calculate r(14).
7
Let w(d) = -d**3 - 2*d**2 + 1. Suppose 0 = -3*j - 9 + 18, -14 = -5*k - 3*j. Let n(m) = -m**2 + 9*m + 6. Let g be n(10). Let t = k + g. Give w(t).
10
Let y = -30 - -32. Suppose 5*n + 2 = y*j - 9, 2*n - 2*j = -2. Let t(a) = -a**2 - 6*a - 1. Calculate t(n).
8
Let j(r) be the third derivative of r**6/60 - 5*r**4/24 + 3*r**3 + 94*r**2. Let s(b) be the second derivative of j(b). Determine s(3).
36
Let n be (-434)/(-62) + (1 - 4). Suppose -5*f + 18 = 2*s - 20, 0 = -3*s - n*f + 43. Let p(z) = -z**3 + 8*z**2 + 12*z + 11. What is p(s)?
38
Let s(u) be the second derivative of -u**5/10 - 7*u**4/4 - 10*u**3/3 + 11*u**2/2 + 4044*u. Calculate s(-9).
-52
Let f = 57 + 103. Suppose -39*t = -7*t + f. Let j(h) = -h**2 - 5*h. Give j(t).
0
Let k(l) = l**2 - 12*l - 44. Let d be 110/(-11) - (-6 + -2 + 1). Give k(d).
1
Let b(u) = u**3 - 8*u**2 - 7*u - 16. Let l be b(9). Let f(o) = -41*o + 3. Let d be f(-4). Let t(y) = 171*y**2 - 2 - 1 + y + 2 - d*y**2. Calculate t(l).
17
Let q(r) = 6*r**3 + r**2 + r + 5. Let a(t) = 30*t**3 + 6*t**2 + 6*t + 26. Let c(w) = 2*a(w) - 11*q(w). Give c(2).
-45
Let i(a) = a**2 + 5*a + 8. Let k be i(-3). Let u(v) = -1 - 13*v**k + 13*v**2 + 2*v**3 - 2*v**2. Calculate u(2).
7
Suppose -7*l = -13*l + 330. Suppose l = -70*r + 69*r. Let a = -60 - r. Let k(c) = -2*c - 4. What is k(a)?
6
Let d(g) = -67*g - g**2 + 2 + g**3 - 2*g**3 - 5*g**2 + 99*g - 30*g. Let h(j) = j**3 + 4*j**2 + 3*j + 6. Let r be h(-4). Let p be (-38)/6 - 2/r. Determine d(p).
-10
Let c = -7750 - -7734. Let u(q) = -2*q - 43. Give u(c).
-11
Let a(s) = s**2 - 4*s - 2. Let w(h) = 0*h 